ts digit of 1638766133?
3
What is the thousands digit of 36750303?
0
What is the ten millions digit of 153452203?
5
What is the millions digit of 103346443?
3
What is the thousands digit of 1282012583?
2
What is the ten millions digit of 155020693?
5
What is the billions digit of 1910736158?
1
What is the ten millions digit of 33467172?
3
What is the ten millions digit of 51375795?
5
What is the millions digit of 137632684?
7
What is the hundreds digit of 1060531520?
5
What is the thousands digit of 126869431?
9
What is the hundred thousands digit of 6132647923?
6
What is the ten thousands digit of 127309803?
0
What is the units digit of 548439805?
5
What is the units digit of 25972022?
2
What is the hundred millions digit of 3873376200?
8
What is the millions digit of 1580432609?
0
What is the ten thousands digit of 739364414?
6
What is the ten millions digit of 1957255092?
5
What is the ten millions digit of 111486201?
1
What is the units digit of 539675777?
7
What is the ten millions digit of 47518206?
4
What is the millions digit of 78969735?
8
What is the hundred thousands digit of 1812283304?
2
What is the hundreds digit of 400258817?
8
What is the thousands digit of 537035009?
5
What is the ten thousands digit of 103389300?
8
What is the thousands digit of 84474129?
4
What is the millions digit of 387782936?
7
What is the thousands digit of 2821535030?
5
What is the thousands digit of 8081833124?
3
What is the units digit of 30118183?
3
What is the millions digit of 1011283693?
1
What is the units digit of 1284492?
2
What is the ten millions digit of 3935201692?
3
What is the tens digit of 264137162?
6
What is the hundreds digit of 50229743?
7
What is the thousands digit of 3573749?
3
What is the hundred thousands digit of 1964806270?
8
What is the hundred millions digit of 1730105301?
7
What is the hundreds digit of 20687879?
8
What is the hundred thousands digit of 83305614?
3
What is the hundred thousands digit of 63636944?
6
What is the billions digit of 5428538457?
5
What is the hundreds digit of 68743830?
8
What is the hundred millions digit of 1992839189?
9
What is the thousands digit of 133515459?
5
What is the millions digit of 41865682?
1
What is the thousands digit of 78676160?
6
What is the ten millions digit of 1443181433?
4
What is the tens digit of 1242284390?
9
What is the hundreds digit of 64109919?
9
What is the thousands digit of 12478776?
8
What is the hundred thousands digit of 330885087?
8
What is the millions digit of 4137081279?
7
What is the ten millions digit of 4632900531?
3
What is the thousands digit of 95706835?
6
What is the ten millions digit of 191336931?
9
What is the units digit of 57492445?
5
What is the millions digit of 116358940?
6
What is the hundreds digit of 118472824?
8
What is the ten millions digit of 1763035707?
6
What is the ten thousands digit of 1318903447?
0
What is the tens digit of 1324789614?
1
What is the ten thousands digit of 653972638?
7
What is the ten millions digit of 1189877464?
8
What is the ten millions digit of 525037774?
2
What is the hundred thousands digit of 125212472?
2
What is the ten thousands digit of 1949428536?
2
What is the thousands digit of 158313870?
3
What is the hundreds digit of 1256358144?
1
What is the ten thousands digit of 80006363?
0
What is the thousands digit of 66478031?
8
What is the millions digit of 30188607?
0
What is the millions digit of 6449027?
6
What is the tens digit of 37187607?
0
What is the tens digit of 555817029?
2
What is the millions digit of 664254148?
4
What is the ten thousands digit of 2281194499?
9
What is the units digit of 402589228?
8
What is the tens digit of 15355541?
4
What is the tens digit of 43597908?
0
What is the ten thousands digit of 3441833?
4
What is the ten millions digit of 2933295414?
3
What is the units digit of 43275128?
8
What is the millions digit of 15173317?
5
What is the hundreds digit of 55057509?
5
What is the millions digit of 7915675519?
5
What is the hundreds digit of 20902631?
6
What is the tens digit of 465201210?
1
What is the ten millions digit of 1983951410?
8
What is the ten millions digit of 50073927?
5
What is the units digit of 885222806?
6
What is the hundred thousands digit of 664954514?
9
What is the ten thousands digit of 106767144?
6
What is the tens digit of 6477486?
8
What is the hundred thousands digit of 5015272579?
2
What is the hundred thousands digit of 3728529636?
5
What is the thousands digit of 790830130?
0
What is the tens digit of 17608001?
0
What is the hundred millions digit of 155518617?
1
What is the hundreds digit of 197101848?
8
What is the ten millions digit of 1910875042?
1
What is the hundred thousands digit of 325364879?
3
What is the ten millions digit of 89799627?
8
What is the ten thousands digit of 405384621?
8
What is the millions digit of 122982936?
2
What is the hundreds digit of 62444319?
3
What is the hundred thousands digit of 1385944143?
9
What is the tens digit of 2124074975?
7
What is the millions digit of 2041161103?
1
What is the hundred thousands digit of 282853383?
8
What is the hundred millions digit of 222556944?
2
What is the ten millions digit of 175975445?
7
What is the hundred millions digit of 270207992?
2
What is the thousands digit of 61511409?
1
What is the millions digit of 1610482619?
0
What is the hundred thousands digit of 68824089?
8
What is the hundred millions digit of 173840593?
1
What is the hundred millions digit of 122503470?
1
What is the millions digit of 104440778?
4
What is the units digit of 102066307?
7
What is the hundreds digit of 7402831415?
4
What is the hundred thousands digit of 2328174914?
1
What is the billions digit of 1944883879?
1
What is the units digit of 2565306153?
3
What is the millions digit of 35135337?
5
What is the hundred thousands digit of 218576845?
5
What is the billions digit of 2195346313?
2
What is the hundreds digit of 78448852?
8
What is the ten millions digit of 70230627?
7
What is the hundred millions digit of 201390395?
2
What is the units digit of 133538042?
2
What is the hundred millions digit of 134065087?
1
What is the hundred thousands digit of 2540224451?
2
What is the hundreds digit of 113357129?
1
What is the ten millions digit of 27500162?
2
What is the millions digit of 58570068?
8
What is the tens digit of 4156019603?
0
What is the hundred millions digit of 318568358?
3
What is the ten millions digit of 2294953760?
9
What is the ten thousands digit of 471347654?
4
What is the ten millions digit of 134198605?
3
What is the ten thousands digit of 172239864?
3
What is the ten thousands digit of 12561740?
6
What is the hundred thousands digit of 93553558?
5
What is the hundred millions digit of 775182340?
7
What is the ten thousands digit of 1094639144?
3
What is the millions digit of 1527275470?
7
What is the tens digit of 87736484?
8
What is the ten millions digit of 634812517?
3
What is the millions digit of 2992197?
2
What is the thousands digit of 472082146?
2
What is the tens digit of 3447799122?
2
What is the thousands digit of 224228976?
8
What is the ten thousands digit of 277670082?
7
What is the thousands digit of 533004467?
4
What is the units digit of 2145367?
7
What is the tens digit of 499210125?
2
What is the units digit of 127507762?
2
What is the hundred millions digit of 4072135070?
0
What is the millions digit of 140794883?
0
What is the thousands digit of 9435908?
5
What is the hundreds digit of 2688377836?
8
What is the tens digit of 37114402?
0
What is the ten millions digit of 133805659?
3
What is the tens digit of 376336264?
6
What is the hundreds digit of 370928539?
5
What is the hundred thousands digit of 1827953429?
9
What is the tens digit of 715265324?
2
What is the ten millions digit of 30955124?
3
What is the tens digit of 998249543?
4
What is the ten thousands digit of 73160226?
6
What is the ten thousands digit of 35858514?
5
What is the ten millions digit of 615897613?
1
What is the hundred millions digit of 178117952?
1
What is the hundred thousands digit of 17700831?
7
What is the thousands digit of 72264920?
4
What is the ten thousands digit of 49266473?
6
What is the hundred thousands digit of 24714058?
7
What is the hundred millions digi